base 14) to base 3.
202011202010
What is 2812a79 (base 13) in base 12?
42a5783
10001010100111001101 (base 2) to base 13
16b568
61341 (base 8) to base 15
7778
-123331121312 (base 4) to base 3
-111210101001012
What is 20202220220 (base 3) in base 11?
91208
Convert 11000100111001 (base 2) to base 3.
122021201
What is -1233629 (base 13) in base 9?
-11580708
What is 1570211 (base 8) in base 4?
1233002021
-5816827 (base 10) to base 8
-26140773
What is 802686 (base 9) in base 6?
14100210
Convert 42323331 (base 5) to base 15.
70211
Convert -2672848 (base 10) to base 5.
-1141012343
-3335c (base 16) to base 9
-348652
Convert -145041 (base 7) to base 9.
-42553
Convert -4244925 (base 11) to base 16.
-7208c6
-203111133 (base 4) to base 6
-3034023
What is -33210011 (base 5) in base 16?
-46583
2b9b2a (base 14) to base 6
52404414
What is 10263043 (base 7) in base 2?
11010101000010101111
Convert 524977 (base 10) to base 9.
880117
-204154000 (base 6) to base 10
-3560976
Convert 110442231 (base 5) to base 3.
220121000101
Convert -12214207 (base 8) to base 11.
-157a534
Convert -3f9b4e (base 16) to base 4.
-33321231032
What is -132551 (base 10) in base 11?
-90651
-2166c (base 16) to base 10
-136812
Convert -64a1b (base 12) to base 5.
-13222131
-250355 (base 7) to base 12
-22612
-168345 (base 14) to base 9
-1434841
Convert 468795 (base 15) to base 11.
19a19a5
Convert -17459 (base 16) to base 2.
-10111010001011001
424012 (base 6) to base 11
23a76
Convert a4476 (base 15) to base 13.
153057
Convert 182502 (base 9) to base 2.
11011101011111010
Convert -110300111 (base 6) to base 13.
-545737
Convert 13118c (base 13) to base 10.
459458
Convert 30429 (base 15) to base 3.
21202121210
What is 3447018 (base 11) in base 9?
12305170
-1064905 (base 12) to base 7
-35336111
What is 3115202 (base 7) in base 9?
628882
Convert 152110354 (base 6) to base 4.
30020303332
What is -27cb981 (base 13) in base 3?
-212202020000122
Convert -5567061 (base 9) to base 15.
-3e2ed4
Convert -a4873 (base 13) to base 9.
-500735
-110111010010010111011000 (base 2) to base 9
-30238763
What is -1d215 (base 16) in base 14?
-316a9
Convert 20332103 (base 5) to base 7.
1266102
-73770 (base 15) to base 9
-617266
Convert 3494a38 (base 11) to base 6.
334403531
Convert -1515707 (base 8) to base 13.
-122190
12a289 (base 11) to base 15
4068c
What is -20218402 (base 9) in base 2?
-100100111111010111110011
-224511125 (base 6) to base 14
-79cdd3
-3020715 (base 13) to base 7
-234402012
What is 2875648 (base 10) in base 4?
22332010000
120032022220 (base 4) to base 13
14140b7
-5cdd3c (base 16) to base 9
-12405314
What is 411006 (base 7) in base 10?
69978
What is 111100001110111111110 (base 2) in base 6?
110145434
Convert 578b80 (base 13) to base 5.
1012412211
What is 63620310 (base 7) in base 2?
10100100110010111000011
What is -2028613 (base 10) in base 12?
-819b71
What is a06903 (base 14) in base 2?
10100100101011111110111
Convert -471014 (base 8) to base 14.
-4259a
-7a9a (base 14) to base 12
-103b4
What is -463a3a4 (base 11) in base 2?
-11110111100000010110100
Convert -10103021012 (base 4) to base 5.
-242030412
37a79 (base 15) to base 12
86b20
What is 25104334 (base 6) in base 13?
221014
412a23 (base 11) to base 9
1220100
-101000200010 (base 3) to base 2
-110000001011000111
2121120212 (base 3) to base 7
303011
What is 200025150 (base 6) in base 2?
1100110101000010011010
What is -15216613 (base 8) in base 14?
-66880b
-166202 (base 10) to base 16
-2893a
-1324142 (base 5) to base 16
-68ad
What is 1551a (base 12) in base 8?
72646
What is 264717 (base 9) in base 2?
100111010011000011
What is -1509668 (base 11) in base 13?
-6c8908
111011122211 (base 3) to base 14
6a6ba
Convert -47695 (base 12) to base 3.
-11212201012
2db58c (base 14) to base 16
1882c8
27652525 (base 8) to base 11
3588047
1313200 (base 5) to base 16
65c2
Convert 8024ba (base 16) to base 9.
16718812
What is 557158 (base 9) in base 6?
11050555
Convert 4a278 (base 16) to base 15.
5eee1
Convert -37084078 (base 9) to base 11.
-a25a200
What is 40548 (base 10) in base 14?
10ac4
-2022102 (base 3) to base 12
-b85
Convert 1110122111200 (base 3) to base 16.
be86f
-7c33d (base 16) to base 3
-221211211222
30225525 (base 7) to base 6
125453040
Convert 1220223311 (base 4) to base 6.
13105045
Convert 10032220 (base 4) to base 3.
212202111
What is -24123222 (base 5) in base 10?
-223562
-2102001020 (base 3) to base 10
-47418
-1011100000100110 (base 2) to base 16
-b826
Convert -3214523 (base 6) to base 8.
-464263
What is 1a693e (base 16) in base 2?
110100110100100111110
What is -1002200112010 (base 3) in base 6?
-20305050
What is 322310113 (base 5) in base 2?
101001110010101000000
Convert -cba22 (base 13) to base 5.
-43243432
4a939 (base 11) to base 5
4314010
176d5 (base 16) to base 10
95957
What is -1202120111 (base 3) in base 2?
-1000011101111001
What is -37132c3 (base 13) in base 8?
-101223767
What is 25b92 (base 13) in base 16?
111c5
-10010011011110011 (base 2) to base 8
-223363
-545532 (base 6) to base 12
-222a8
What is 39005c (base 14) in base 12?
7a5a2a
What is 23320104 (base 7) in base 16?
1f5c8d
Convert -11000011111110111 (base 2) to base 9.
-162572
-1021132010 (base 4) to base 5
-34112212
-21317 (base 14) to base 16
-13939
What is -1042123 (base 9) in base 15?
-b0a80
What is 1132031000 (base 4) in base 10?
385856
168a3a6 (base 15) to base 5
13143331311
What is -749940 (base 11) in base 3?
-2020220202122
Convert -157713 (base 10) to base 6.
-3214053
What is -1101100001010010011 (base 2) in base 10?
-443027
101252201 (base 6) to base 15
248274
What is 70b29 (base 14) in base 16?
42301
Convert 2312430 (base 7) to base 4.
1012203333
Convert 114ab3 (base 12) to base 4.
1003320213
6b8113 (base 14) to base 10
3671685
Convert 2035336 (base 8) to base 4.
2003223132
Convert -220011210200100 (base 3) to base 5.
-11242132440
-50a35 (base 13) to base 4
-203102123
-245140341 (base 6) to base 7
-55110346
Convert -18508 (base 10) to base 14.
-6a60
-112332213 (base 4) to base 10
-94119
-10100001000001100011010 (base 2) to base 16
-50831a
What is 1678701 (base 10) in base 7?
20161113
-4b378 (base 14) to base 13
-65cc7
-19959a3 (base 14) to base 8
-60441673
Convert 18c64 (base 13) to base 3.
2110011221
What is -1001100111110000 (base 2) in base 9?
-60046
What is 12145 (base 10) in base 2?
10111101110001
What is 21200211221 (base 3) in base 9?
250757
Convert -103150352 (base 7) to base 13.
-1372a36
Convert -76a996 (base 11) to base 15.
-194557
Convert -403133 (base 6) to base 5.
-2004214
-3a995b (base 12) to base 14
-1b3ad1
What is -2346 (base 12) in base 9?
-5360
Convert 100011111010111100011 (base 2) to base 9.
2183553
-13d5d18 (base 14) to base 16
-936152
What is 909761 (base 10) in base 13?
25b128
-290154 (base 16) to base 5
-1141443231
Convert 424337 (base 9) to base 10.
252511
3004053 (base 6) to base 8
423101
What is -156025 (base 12) in base 15?
-727de
Convert 64b44 (base 14) to base 11.
1570a5
What is 198a93 (base 15) in base 9?
2305873
-14454301 (base 6) to base 15
-9e9e7
343115143 (base 6) to base 16
6043a7
Convert -2130756 (base 12) to base 10.
-6284082
Convert 37870 (base 11) to base 2.
1101010000001101
Convert 8dd97 (base 14) to base 4.
1110121101
Convert -525dd (base 16) to base 8.
-1222735
What is -10100110010100011110110 (base 2) in base 14?
-a1c1dc
What is 11511351 (base 6) in base 7?
3056221
Convert -10211002020000 (base 3) to base 4.
-13233112221
What is -6820757 (base 9) in base 16?
-38129b
Convert -2340dd (base 15) to base 4.
-12123031231
Convert 1325310114 (base 6) to base 10.
15934366
Convert -2134432 (base 6) to base 10.
-106004
Convert 16438392 (base 10) to base 4.
332231101320
Convert 32220212 (base 4) to base 13.
2138c
What is -40935d (base 14) in base 10?
-2176663
-682066 (base 9) to base 16
-63aec
What is -36049 (base 12) in base 15?
-167c3
1265140 (base 11) to base 13
5b8090
What is -1680752 (base 10) in base 3?
-10011101120002
Convert -2a58656 (base 11) to base 8.
-23767000
Convert 100958 (base 10) to base 16.
18a5e
Convert 12178423 (base 10) to base 12.
40b3847
Convert -6a1783 (base 11) to base 14.
-21049b
-12003302233 (base 4) to base 11
-99542a
Convert 10202221022 (base 3) to base 6.
1332012
Convert -36350 (base 12) to base 16.
-11d6c
Convert 1120